0 - -1010000?
1010100
In base 16, what is 11 - -16?
27
In base 15, what is 5 - -879?
87e
In base 10, what is -208 - 2?
-210
In base 16, what is -37 + 5?
-32
In base 14, what is -2 + 64d?
64b
In base 10, what is 22 - -3?
25
In base 6, what is -5 + 1352?
1343
In base 3, what is 1010 + 2?
1012
In base 4, what is 3 + -330?
-321
In base 13, what is -ca7c + 4?
-ca78
In base 2, what is 110110110 + -10?
110110100
In base 14, what is 0 + 279?
279
In base 5, what is 12 + -23441?
-23424
In base 14, what is 673 - -5?
678
In base 11, what is 29 - -15?
43
In base 14, what is 4 + 624?
628
In base 6, what is 2 + 1031?
1033
In base 13, what is 1 - 614?
-613
In base 3, what is 10 + 2111010?
2111020
In base 14, what is 4a - 1b?
2d
In base 2, what is -110111110010 - -111?
-110111101011
In base 6, what is 144 + 0?
144
In base 7, what is 504 - -2?
506
In base 4, what is -13332 + 11?
-13321
In base 14, what is -54 + 5?
-4d
In base 15, what is -5 - 32?
-37
In base 10, what is 1 - -391?
392
In base 14, what is 7 + -22?
-19
In base 15, what is 0 + -526?
-526
In base 2, what is 101101010 - 101000?
101000010
In base 12, what is -1337 + 0?
-1337
In base 10, what is -135 + 1?
-134
In base 4, what is -10 - -2122?
2112
In base 4, what is 11 - -1133011?
1133022
In base 4, what is 0 + 202132?
202132
In base 8, what is -106 + -6?
-114
In base 7, what is -14 + -6?
-23
In base 6, what is 113 + -32?
41
In base 15, what is 1 + -bb8?
-bb7
In base 6, what is -1 + -1014?
-1015
In base 16, what is 4 + fe?
102
In base 12, what is -452 + 3?
-44b
In base 8, what is 166 - 6?
160
In base 4, what is -2233 + -3?
-2302
In base 14, what is 0 + 70?
70
In base 2, what is 11000100111011 + -1?
11000100111010
In base 6, what is -31 + 50?
15
In base 5, what is -4244 - 0?
-4244
In base 5, what is 141 - -4?
200
In base 9, what is -41 + 2?
-38
In base 2, what is 101100 + 101110?
1011010
In base 13, what is 15 - -1a?
32
In base 16, what is 40 + -3?
3d
In base 16, what is -1 - -2f?
2e
In base 11, what is -2 - 193?
-195
In base 14, what is -2 + -d17?
-d19
In base 15, what is 717 - 2?
715
In base 11, what is -4 - -12?
9
In base 14, what is 1188 + 4?
118c
In base 15, what is 12 + 2ca?
2dc
In base 4, what is 23311 - -10?
23321
In base 12, what is 135 + -5?
130
In base 6, what is 3313 - 13?
3300
In base 10, what is 3 - 5283?
-5280
In base 16, what is 2 - -48?
4a
In base 2, what is 1001011 - 1?
1001010
In base 5, what is -12243 - 2?
-12300
In base 11, what is -802 + 13?
-79a
In base 14, what is 3d + -1?
3c
In base 12, what is 1131 + 3?
1134
In base 11, what is 7a3 + -2?
7a1
In base 8, what is 22 + -26?
-4
In base 15, what is -225 - -1?
-224
In base 5, what is -3 + 300?
242
In base 5, what is -2 - -44111?
44104
In base 2, what is 110 - -111101100?
111110010
In base 9, what is -30 - 78?
-118
In base 13, what is -7 + b93?
b89
In base 2, what is -1110011 - -100111?
-1001100
In base 6, what is -13 - 1532?
-1545
In base 4, what is 2 + -202302?
-202300
In base 11, what is -4 + 5?
1
In base 10, what is 21 - 50?
-29
In base 7, what is 3 - 2400?
-2364
In base 9, what is 7031 + 4?
7035
In base 5, what is -2003012 + -1?
-2003013
In base 15, what is -3 - -1a?
17
In base 7, what is 5 - 4455?
-4450
In base 14, what is -1b + 92?
75
In base 14, what is -6d - 7?
-76
In base 11, what is -146 + 2?
-144
In base 16, what is -1 + -2e?
-2f
In base 5, what is -4 - 340?
-344
In base 14, what is -4 - 2a0?
-2a4
In base 3, what is -10201022 - 2?
-10201101
In base 7, what is 5 + 1325?
1333
In base 9, what is -7 + 7065?
7057
In base 16, what is -80 - 1?
-81
In base 10, what is -2 + -1069?
-1071
In base 6, what is -2 + 22?
20
In base 12, what is -2 + -63?
-65
In base 8, what is -26 - 102?
-130
In base 11, what is -2659 + 5?
-2654
In base 2, what is 11 + -1101100001?
-1101011110
In base 4, what is -2100 - 10?
-2110
In base 2, what is 100001 - -1101?
101110
In base 11, what is a - -33?
42
In base 11, what is 1 + -7?
-6
In base 13, what is -1 - -96?
95
In base 4, what is -1 - -1321?
1320
In base 13, what is -3b5 - 2?
-3b7
In base 9, what is 3 + 1704?
1707
In base 13, what is -520 - 1?
-521
In base 6, what is -5 + -214?
-223
In base 5, what is -121 + -433?
-1104
In base 7, what is 35 - -1?
36
In base 5, what is 1241 - -14?
1310
In base 9, what is 5 - 52?
-46
In base 16, what is 5 + cf?
d4
In base 15, what is 5b + 6?
62
In base 6, what is 11 + -440?
-425
In base 6, what is 20 - -4?
24
In base 4, what is 3 + -12?
-3
In base 3, what is 12 + 11001?
11020
In base 4, what is -101 + -21132?
-21233
In base 11, what is 9 - -117?
125
In base 8, what is -5 + -403?
-410
In base 4, what is -1001 - 1?
-1002
In base 2, what is -1001011101 - -11?
-1001011010
In base 7, what is -100 - 34?
-134
In base 2, what is -100 + -1000011?
-1000111
In base 4, what is -10 + -301?
-311
In base 14, what is -19 - 1b5?
-1d0
In base 6, what is 1 + -235?
-234
In base 10, what is 1 - 117?
-116
In base 15, what is 1 - 170?
-16e
In base 11, what is -15 - 22?
-37
In base 12, what is 3 - 106?
-103
In base 2, what is -101 + 11000011011?
11000010110
In base 2, what is -1001 + -1101100?
-1110101
In base 7, what is -4451 - -1?
-4450
In base 13, what is -45b + 1?
-45a
In base 14, what is 9 - 14?
-9
In base 3, what is -1002 + 10?
-222
In base 3, what is 2 + -11010112?
-11010110
In base 4, what is -3232 - 3?
-3301
In base 8, what is 17 - -2?
21
In base 3, what is 21 - -20111?
20202
In base 14, what is 434 + 4?
438
In base 13, what is -1 - 130?
-131
In base 13, what is -2 + 4b?
49
In base 6, what is -21 - 5?
-30
In base 10, what is -3 + -899?
-902
In base 6, what is -1421 + -54?
-1515
In base 16, what is 4 - 73c?
-738
In base 15, what is -4 + 2a?
26
In base 5, what is -2 - 4123?
-4130
In base 11, what is -1282 - 0?
-1282
In base 13, what is -1b8 + -2?
-1ba
In base 11, what is -46a + 6?
-464
In base 14, what is -2773 + 4?
-276d
In base 5, what is 412 + 10?
422
In base 15, what is 0 - -33c?
33c
In base 11, what is 19 + 301?
31a
In base 6, what is 12 + 204?
220
In base 9, what is -3 + 7?
4
In base 2, what is -101100010101 - 10?
-101100010111
In base 11, what is 1 + 1a8?
1a9
In base 6, what is 2 - 3452?
-3450
In base 14, what is -22a + 3?
-227
In base 7, what is 1164 - 2?
1162
In base 5, what is -12114 - 12?
-12131
In base 11, what is -5 + 78?
73
In base 5, what is -2 - -132?
130
In base 16, what is a0 - 2?
9e
In base 6, what is -3 + -2404?
-2411
In base 16, what is -b9 - 12?
-cb
In base 13, what is -264 + 2?
-262
In base 16, what is -7a7 - -5?
-7a2
In base 11, what is -5 + 1769?
1764
In base 12, what is 34 - -13?
47
In base 11, what is 2a1 + -3?
299
In base 12, what is 2 - -99b?
9a1
In base 9, what is 1 - -4?
5
In base 2, what is -101010 + 110?
-100100
In base 5, what is -3303 + 2?
-3301
In base 7, what is -2 - -202?
200
In base 15, what is 8b - 1?
8a
In base 10, what is 7 - -97?
104
In base 14, what is -d1b - 5?
-d22
In base 6, what is 1040 + -3?
1033
In base 12, what is -1b + 8?
-13
In base 10, what is -9 + 314?
305
In base 4, what is 3 - 1013?
-1010
In base 11, what is 1a + -612?
-5a3
In base 8, what is 1 - -321?
322
In base 3, what is -10 - 2222011?
-2222021
In base 9, what is 0 - -4?
4
In base 16, what is b1f - 4?
b1b
In base 10, what is -17 - -650?
633
In base 10, what is 361 + 5?
366
In base 2, what is -1001 + -110?
-1111
In base 6, what is 530 + -4?
522
In base 9, what is -134 - -2?
-132
In base 10, what is 48 + -75?
-27
In base 4, what is 10231 + 10?
10301
In base 10, what is -7 - -28?
21
In base 10, what is -7 + -4?
-11
In base 15, what is -142c - 6?
-1433
In base 13, what is -3 - -382?
37c
In base 15, what is 0 - b?
-b
In base 15, what is a - 18?
-d
In base 14, what is a + 19?
25
In base 2, what is -10001000010 - 110?
-10001001000
In base 15, what is 4 + 265?
269
In base 4, what is 32 + 1?
33
In base 4, what is -11301 + -13?
-11320
In base 9, what is -61 + -654?
-725
In base 3, what is -10 - -10010?
10000
In base 15, what is -3 - -30?
2c
In base 3, what is 2102 - 12?
2020
In base 13, what is 5 + -aa?
-a5
In base 14, what is 1 - -2a?
2b
In base 13, what is 43 + -5?
3b
In base 12, what is -22a3 + -3?
-22a6
In base 13, what is -16521 - -1?
-16520
In base 8, what is 5077 - -2?
5101
In base 14, what is -5 + -49?
-50
In base 13, what is -4 - ac7?
-acb
In base 8, what is -142 - -14?
-126